{"id":88,"date":"2021-01-06T12:14:14","date_gmt":"2021-01-06T11:14:14","guid":{"rendered":"http:\/\/hundesportverein-dornbirn.at\/wp56\/?page_id=88"},"modified":"2021-04-26T08:58:44","modified_gmt":"2021-04-26T06:58:44","slug":"agility","status":"publish","type":"page","link":"https:\/\/hundesportverein-dornbirn.at\/wp56\/agility\/","title":{"rendered":"Agility"},"content":{"rendered":"\n<p>Agility geh\u00f6rt wohl zu den beliebtesten Hundesportarten.<br>Bei dieser Sportart bedarf es unter anderem Ausdauer, K\u00f6pfchen, Geschicklichkeit.<\/p>\n\n\n\n<p>Auf einem Parcour stehen verschiedene Hindernisse, die der Hund durchlaufen und der Mensch den Hund durchf\u00fchren muss.<br>Es gibt dabei verschiedene Hindernisse, wie zum Beispiel Reifen, Tunnel, Wippen und Slalom. Ziel dabei ist es, dass der Hund m\u00f6glichst schnell und ohne Fehler den Parcour durchl\u00e4uft. Der Mensch dient bei dieser Sport als &#8222;Wegweiser&#8220;, er zeigt dem Hund welches Hindernis er wie und wann meistern soll. Dabei darf er seine H\u00e4nde und Stimme verwenden, andere Hilfsmittel sind nicht erlaubt.<\/p>\n\n\n\n<p>Eine gute Kommunikation zwischen Tier und Mensch bildet eine gute Grundlage f\u00fcr diesen Sport und schwei\u00dft zusammen als Team.<\/p>\n\n\n\n<p>Agility wird in verschiedenen Gr\u00f6\u00dfenklassen angeboten und eignet sich f\u00fcr fast alle Hunderassen. Bei gro\u00dfen und schweren Rassen und auch Welpen werden die Gelenke zu stark beansprucht und sollte daher nicht gemacht werden.<\/p>\n\n\n\n<div style=\"height:100px\" aria-hidden=\"true\" class=\"wp-block-spacer\"><\/div>\n\n\n\n<div class=\"wp-block-jetpack-tiled-gallery aligncenter is-style-columns\"><div class=\"tiled-gallery__gallery\"><div class=\"tiled-gallery__row\"><div class=\"tiled-gallery__col\" style=\"flex-basis:19.83003%\"><figure class=\"tiled-gallery__item\"><img decoding=\"async\" data-attachment-id=\"283\" data-permalink=\"https:\/\/hundesportverein-dornbirn.at\/wp56\/agility\/20190721191035-f28077c5-me\/\" data-orig-file=\"https:\/\/i0.wp.com\/hundesportverein-dornbirn.at\/wp56\/wp-content\/uploads\/2021\/01\/20190721191035-f28077c5-me.jpg?fit=792%2C524&amp;ssl=1\" data-orig-size=\"792,524\" data-comments-opened=\"1\" data-image-meta=\"{&quot;aperture&quot;:&quot;0&quot;,&quot;credit&quot;:&quot;&quot;,&quot;camera&quot;:&quot;&quot;,&quot;caption&quot;:&quot;&quot;,&quot;created_timestamp&quot;:&quot;0&quot;,&quot;copyright&quot;:&quot;&quot;,&quot;focal_length&quot;:&quot;0&quot;,&quot;iso&quot;:&quot;0&quot;,&quot;shutter_speed&quot;:&quot;0&quot;,&quot;title&quot;:&quot;&quot;,&quot;orientation&quot;:&quot;0&quot;}\" data-image-title=\"20190721191035-f28077c5-me\" data-image-description=\"\" data-image-caption=\"\" data-large-file=\"https:\/\/i0.wp.com\/hundesportverein-dornbirn.at\/wp56\/wp-content\/uploads\/2021\/01\/20190721191035-f28077c5-me.jpg?fit=640%2C423&amp;ssl=1\" data-attachment-id=\"283\" data-permalink=\"https:\/\/hundesportverein-dornbirn.at\/wp56\/agility\/20190721191035-f28077c5-me\/\" data-orig-file=\"https:\/\/i0.wp.com\/hundesportverein-dornbirn.at\/wp56\/wp-content\/uploads\/2021\/01\/20190721191035-f28077c5-me.jpg?fit=792%2C524&amp;ssl=1\" data-orig-size=\"792,524\" data-comments-opened=\"1\" data-image-meta=\"{&quot;aperture&quot;:&quot;0&quot;,&quot;credit&quot;:&quot;&quot;,&quot;camera&quot;:&quot;&quot;,&quot;caption&quot;:&quot;&quot;,&quot;created_timestamp&quot;:&quot;0&quot;,&quot;copyright&quot;:&quot;&quot;,&quot;focal_length&quot;:&quot;0&quot;,&quot;iso&quot;:&quot;0&quot;,&quot;shutter_speed&quot;:&quot;0&quot;,&quot;title&quot;:&quot;&quot;,&quot;orientation&quot;:&quot;0&quot;}\" data-image-title=\"20190721191035-f28077c5-me\" data-image-description=\"\" data-image-caption=\"\" data-large-file=\"https:\/\/i0.wp.com\/hundesportverein-dornbirn.at\/wp56\/wp-content\/uploads\/2021\/01\/20190721191035-f28077c5-me.jpg?fit=640%2C423&amp;ssl=1\" role=\"button\" tabindex=\"0\" aria-label=\"Bild\u00a01 von 4 im Vollbildmodus \u00f6ffnen\"srcset=\"https:\/\/i2.wp.com\/hundesportverein-dornbirn.at\/wp56\/wp-content\/uploads\/2021\/01\/20190721191035-f28077c5-me.jpg?strip=info&#038;w=600&#038;ssl=1 600w,https:\/\/i2.wp.com\/hundesportverein-dornbirn.at\/wp56\/wp-content\/uploads\/2021\/01\/20190721191035-f28077c5-me.jpg?strip=info&#038;w=792&#038;ssl=1 792w\" alt=\"\" data-height=\"524\" data-id=\"283\" data-link=\"https:\/\/hundesportverein-dornbirn.at\/wp56\/agility\/20190721191035-f28077c5-me\/\" data-url=\"https:\/\/hundesportverein-dornbirn.at\/wp56\/wp-content\/uploads\/2021\/01\/20190721191035-f28077c5-me.jpg\" data-width=\"792\" src=\"https:\/\/i2.wp.com\/hundesportverein-dornbirn.at\/wp56\/wp-content\/uploads\/2021\/01\/20190721191035-f28077c5-me.jpg?ssl=1\" data-amp-layout=\"responsive\"\/><\/figure><figure class=\"tiled-gallery__item\"><img decoding=\"async\" data-attachment-id=\"320\" data-permalink=\"https:\/\/hundesportverein-dornbirn.at\/wp56\/herzlich-willkommen-beim-hundesportverein-dornbirn\/20190721190953-a5720-1\/\" data-orig-file=\"https:\/\/i0.wp.com\/hundesportverein-dornbirn.at\/wp56\/wp-content\/uploads\/2021\/01\/20190721190953-a5720-1.jpg?fit=792%2C524&amp;ssl=1\" data-orig-size=\"792,524\" data-comments-opened=\"1\" data-image-meta=\"{&quot;aperture&quot;:&quot;0&quot;,&quot;credit&quot;:&quot;&quot;,&quot;camera&quot;:&quot;&quot;,&quot;caption&quot;:&quot;&quot;,&quot;created_timestamp&quot;:&quot;0&quot;,&quot;copyright&quot;:&quot;&quot;,&quot;focal_length&quot;:&quot;0&quot;,&quot;iso&quot;:&quot;0&quot;,&quot;shutter_speed&quot;:&quot;0&quot;,&quot;title&quot;:&quot;&quot;,&quot;orientation&quot;:&quot;0&quot;}\" data-image-title=\"20190721190953-a5720-1\" data-image-description=\"\" data-image-caption=\"\" data-large-file=\"https:\/\/i0.wp.com\/hundesportverein-dornbirn.at\/wp56\/wp-content\/uploads\/2021\/01\/20190721190953-a5720-1.jpg?fit=640%2C423&amp;ssl=1\" data-attachment-id=\"320\" data-permalink=\"https:\/\/hundesportverein-dornbirn.at\/wp56\/herzlich-willkommen-beim-hundesportverein-dornbirn\/20190721190953-a5720-1\/\" data-orig-file=\"https:\/\/i0.wp.com\/hundesportverein-dornbirn.at\/wp56\/wp-content\/uploads\/2021\/01\/20190721190953-a5720-1.jpg?fit=792%2C524&amp;ssl=1\" data-orig-size=\"792,524\" data-comments-opened=\"1\" data-image-meta=\"{&quot;aperture&quot;:&quot;0&quot;,&quot;credit&quot;:&quot;&quot;,&quot;camera&quot;:&quot;&quot;,&quot;caption&quot;:&quot;&quot;,&quot;created_timestamp&quot;:&quot;0&quot;,&quot;copyright&quot;:&quot;&quot;,&quot;focal_length&quot;:&quot;0&quot;,&quot;iso&quot;:&quot;0&quot;,&quot;shutter_speed&quot;:&quot;0&quot;,&quot;title&quot;:&quot;&quot;,&quot;orientation&quot;:&quot;0&quot;}\" data-image-title=\"20190721190953-a5720-1\" data-image-description=\"\" data-image-caption=\"\" data-large-file=\"https:\/\/i0.wp.com\/hundesportverein-dornbirn.at\/wp56\/wp-content\/uploads\/2021\/01\/20190721190953-a5720-1.jpg?fit=640%2C423&amp;ssl=1\" role=\"button\" tabindex=\"0\" aria-label=\"Bild\u00a02 von 4 im Vollbildmodus \u00f6ffnen\"srcset=\"https:\/\/i2.wp.com\/hundesportverein-dornbirn.at\/wp56\/wp-content\/uploads\/2021\/01\/20190721190953-a5720-1.jpg?strip=info&#038;w=600&#038;ssl=1 600w,https:\/\/i2.wp.com\/hundesportverein-dornbirn.at\/wp56\/wp-content\/uploads\/2021\/01\/20190721190953-a5720-1.jpg?strip=info&#038;w=792&#038;ssl=1 792w\" alt=\"\" data-height=\"524\" data-id=\"320\" data-link=\"https:\/\/hundesportverein-dornbirn.at\/wp56\/herzlich-willkommen-beim-hundesportverein-dornbirn\/20190721190953-a5720-1\/\" data-url=\"https:\/\/hundesportverein-dornbirn.at\/wp56\/wp-content\/uploads\/2021\/01\/20190721190953-a5720-1.jpg\" data-width=\"792\" src=\"https:\/\/i2.wp.com\/hundesportverein-dornbirn.at\/wp56\/wp-content\/uploads\/2021\/01\/20190721190953-a5720-1.jpg?ssl=1\" data-amp-layout=\"responsive\"\/><\/figure><\/div><div class=\"tiled-gallery__col\" style=\"flex-basis:40.08807%\"><figure class=\"tiled-gallery__item\"><img decoding=\"async\" data-attachment-id=\"284\" data-permalink=\"https:\/\/hundesportverein-dornbirn.at\/wp56\/agility\/20191024193716-69b1b040-me\/\" data-orig-file=\"https:\/\/i0.wp.com\/hundesportverein-dornbirn.at\/wp56\/wp-content\/uploads\/2021\/01\/20191024193716-69b1b040-me.jpg?fit=792%2C524&amp;ssl=1\" data-orig-size=\"792,524\" data-comments-opened=\"1\" data-image-meta=\"{&quot;aperture&quot;:&quot;0&quot;,&quot;credit&quot;:&quot;&quot;,&quot;camera&quot;:&quot;&quot;,&quot;caption&quot;:&quot;&quot;,&quot;created_timestamp&quot;:&quot;0&quot;,&quot;copyright&quot;:&quot;&quot;,&quot;focal_length&quot;:&quot;0&quot;,&quot;iso&quot;:&quot;0&quot;,&quot;shutter_speed&quot;:&quot;0&quot;,&quot;title&quot;:&quot;&quot;,&quot;orientation&quot;:&quot;0&quot;}\" data-image-title=\"20191024193716-69b1b040-me\" data-image-description=\"\" data-image-caption=\"\" data-large-file=\"https:\/\/i0.wp.com\/hundesportverein-dornbirn.at\/wp56\/wp-content\/uploads\/2021\/01\/20191024193716-69b1b040-me.jpg?fit=640%2C423&amp;ssl=1\" data-attachment-id=\"284\" data-permalink=\"https:\/\/hundesportverein-dornbirn.at\/wp56\/agility\/20191024193716-69b1b040-me\/\" data-orig-file=\"https:\/\/i0.wp.com\/hundesportverein-dornbirn.at\/wp56\/wp-content\/uploads\/2021\/01\/20191024193716-69b1b040-me.jpg?fit=792%2C524&amp;ssl=1\" data-orig-size=\"792,524\" data-comments-opened=\"1\" data-image-meta=\"{&quot;aperture&quot;:&quot;0&quot;,&quot;credit&quot;:&quot;&quot;,&quot;camera&quot;:&quot;&quot;,&quot;caption&quot;:&quot;&quot;,&quot;created_timestamp&quot;:&quot;0&quot;,&quot;copyright&quot;:&quot;&quot;,&quot;focal_length&quot;:&quot;0&quot;,&quot;iso&quot;:&quot;0&quot;,&quot;shutter_speed&quot;:&quot;0&quot;,&quot;title&quot;:&quot;&quot;,&quot;orientation&quot;:&quot;0&quot;}\" data-image-title=\"20191024193716-69b1b040-me\" data-image-description=\"\" data-image-caption=\"\" data-large-file=\"https:\/\/i0.wp.com\/hundesportverein-dornbirn.at\/wp56\/wp-content\/uploads\/2021\/01\/20191024193716-69b1b040-me.jpg?fit=640%2C423&amp;ssl=1\" role=\"button\" tabindex=\"0\" aria-label=\"Bild\u00a03 von 4 im Vollbildmodus \u00f6ffnen\"srcset=\"https:\/\/i0.wp.com\/hundesportverein-dornbirn.at\/wp56\/wp-content\/uploads\/2021\/01\/20191024193716-69b1b040-me.jpg?strip=info&#038;w=600&#038;ssl=1 600w,https:\/\/i0.wp.com\/hundesportverein-dornbirn.at\/wp56\/wp-content\/uploads\/2021\/01\/20191024193716-69b1b040-me.jpg?strip=info&#038;w=792&#038;ssl=1 792w\" alt=\"\" data-height=\"524\" data-id=\"284\" data-link=\"https:\/\/hundesportverein-dornbirn.at\/wp56\/agility\/20191024193716-69b1b040-me\/\" data-url=\"https:\/\/hundesportverein-dornbirn.at\/wp56\/wp-content\/uploads\/2021\/01\/20191024193716-69b1b040-me.jpg\" data-width=\"792\" src=\"https:\/\/i0.wp.com\/hundesportverein-dornbirn.at\/wp56\/wp-content\/uploads\/2021\/01\/20191024193716-69b1b040-me.jpg?ssl=1\" data-amp-layout=\"responsive\"\/><\/figure><\/div><div class=\"tiled-gallery__col\" style=\"flex-basis:40.08190%\"><figure class=\"tiled-gallery__item\"><img decoding=\"async\" data-attachment-id=\"285\" data-permalink=\"https:\/\/hundesportverein-dornbirn.at\/wp56\/agility\/k-agy-lc-2019-10-13_055-2\/\" data-orig-file=\"https:\/\/i0.wp.com\/hundesportverein-dornbirn.at\/wp56\/wp-content\/uploads\/2021\/01\/k-AGY-LC-2019-10-13_055-2.jpg?fit=1280%2C847&amp;ssl=1\" data-orig-size=\"1280,847\" data-comments-opened=\"1\" data-image-meta=\"{&quot;aperture&quot;:&quot;0&quot;,&quot;credit&quot;:&quot;&quot;,&quot;camera&quot;:&quot;&quot;,&quot;caption&quot;:&quot;&quot;,&quot;created_timestamp&quot;:&quot;0&quot;,&quot;copyright&quot;:&quot;&quot;,&quot;focal_length&quot;:&quot;0&quot;,&quot;iso&quot;:&quot;0&quot;,&quot;shutter_speed&quot;:&quot;0&quot;,&quot;title&quot;:&quot;&quot;,&quot;orientation&quot;:&quot;0&quot;}\" data-image-title=\"k-AGY-LC-2019-10-13_055-2\" data-image-description=\"\" data-image-caption=\"\" data-large-file=\"https:\/\/i0.wp.com\/hundesportverein-dornbirn.at\/wp56\/wp-content\/uploads\/2021\/01\/k-AGY-LC-2019-10-13_055-2.jpg?fit=640%2C424&amp;ssl=1\" data-attachment-id=\"285\" data-permalink=\"https:\/\/hundesportverein-dornbirn.at\/wp56\/agility\/k-agy-lc-2019-10-13_055-2\/\" data-orig-file=\"https:\/\/i0.wp.com\/hundesportverein-dornbirn.at\/wp56\/wp-content\/uploads\/2021\/01\/k-AGY-LC-2019-10-13_055-2.jpg?fit=1280%2C847&amp;ssl=1\" data-orig-size=\"1280,847\" data-comments-opened=\"1\" data-image-meta=\"{&quot;aperture&quot;:&quot;0&quot;,&quot;credit&quot;:&quot;&quot;,&quot;camera&quot;:&quot;&quot;,&quot;caption&quot;:&quot;&quot;,&quot;created_timestamp&quot;:&quot;0&quot;,&quot;copyright&quot;:&quot;&quot;,&quot;focal_length&quot;:&quot;0&quot;,&quot;iso&quot;:&quot;0&quot;,&quot;shutter_speed&quot;:&quot;0&quot;,&quot;title&quot;:&quot;&quot;,&quot;orientation&quot;:&quot;0&quot;}\" data-image-title=\"k-AGY-LC-2019-10-13_055-2\" data-image-description=\"\" data-image-caption=\"\" data-large-file=\"https:\/\/i0.wp.com\/hundesportverein-dornbirn.at\/wp56\/wp-content\/uploads\/2021\/01\/k-AGY-LC-2019-10-13_055-2.jpg?fit=640%2C424&amp;ssl=1\" role=\"button\" tabindex=\"0\" aria-label=\"Bild\u00a04 von 4 im Vollbildmodus \u00f6ffnen\"srcset=\"https:\/\/i2.wp.com\/hundesportverein-dornbirn.at\/wp56\/wp-content\/uploads\/2021\/01\/k-AGY-LC-2019-10-13_055-2.jpg?strip=info&#038;w=600&#038;ssl=1 600w,https:\/\/i2.wp.com\/hundesportverein-dornbirn.at\/wp56\/wp-content\/uploads\/2021\/01\/k-AGY-LC-2019-10-13_055-2.jpg?strip=info&#038;w=900&#038;ssl=1 900w,https:\/\/i2.wp.com\/hundesportverein-dornbirn.at\/wp56\/wp-content\/uploads\/2021\/01\/k-AGY-LC-2019-10-13_055-2.jpg?strip=info&#038;w=1200&#038;ssl=1 1200w,https:\/\/i2.wp.com\/hundesportverein-dornbirn.at\/wp56\/wp-content\/uploads\/2021\/01\/k-AGY-LC-2019-10-13_055-2.jpg?strip=info&#038;w=1280&#038;ssl=1 1280w\" alt=\"\" data-height=\"847\" data-id=\"285\" data-link=\"https:\/\/hundesportverein-dornbirn.at\/wp56\/agility\/k-agy-lc-2019-10-13_055-2\/\" data-url=\"https:\/\/hundesportverein-dornbirn.at\/wp56\/wp-content\/uploads\/2021\/01\/k-AGY-LC-2019-10-13_055-2.jpg\" data-width=\"1280\" src=\"https:\/\/i2.wp.com\/hundesportverein-dornbirn.at\/wp56\/wp-content\/uploads\/2021\/01\/k-AGY-LC-2019-10-13_055-2.jpg?ssl=1\" data-amp-layout=\"responsive\"\/><\/figure><\/div><\/div><\/div><\/div>\n","protected":false},"excerpt":{"rendered":"<p>Agility geh\u00f6rt wohl zu den beliebtesten Hundesportarten.Bei dieser Sportart bedarf es unter anderem Ausdauer, K\u00f6pfchen, Geschicklichkeit. Auf einem Parcour stehen&#8230;<\/p>\n","protected":false},"author":1,"featured_media":0,"parent":0,"menu_order":0,"comment_status":"closed","ping_status":"closed","template":"","meta":{"cybocfi_hide_featured_image":"","footnotes":""},"class_list":["post-88","page","type-page","status-publish","hentry"],"jetpack_sharing_enabled":true,"_links":{"self":[{"href":"https:\/\/hundesportverein-dornbirn.at\/wp56\/wp-json\/wp\/v2\/pages\/88","targetHints":{"allow":["GET"]}}],"collection":[{"href":"https:\/\/hundesportverein-dornbirn.at\/wp56\/wp-json\/wp\/v2\/pages"}],"about":[{"href":"https:\/\/hundesportverein-dornbirn.at\/wp56\/wp-json\/wp\/v2\/types\/page"}],"author":[{"embeddable":true,"href":"https:\/\/hundesportverein-dornbirn.at\/wp56\/wp-json\/wp\/v2\/users\/1"}],"replies":[{"embeddable":true,"href":"https:\/\/hundesportverein-dornbirn.at\/wp56\/wp-json\/wp\/v2\/comments?post=88"}],"version-history":[{"count":5,"href":"https:\/\/hundesportverein-dornbirn.at\/wp56\/wp-json\/wp\/v2\/pages\/88\/revisions"}],"predecessor-version":[{"id":575,"href":"https:\/\/hundesportverein-dornbirn.at\/wp56\/wp-json\/wp\/v2\/pages\/88\/revisions\/575"}],"wp:attachment":[{"href":"https:\/\/hundesportverein-dornbirn.at\/wp56\/wp-json\/wp\/v2\/media?parent=88"}],"curies":[{"name":"wp","href":"https:\/\/api.w.org\/{rel}","templated":true}]}}